{"id":8,"date":"2026-04-03T13:53:54","date_gmt":"2026-04-03T16:53:54","guid":{"rendered":"https:\/\/wa.acwa.com.br\/?page_id=8"},"modified":"2026-04-03T14:44:34","modified_gmt":"2026-04-03T17:44:34","slug":"inicio","status":"publish","type":"page","link":"https:\/\/wa.acwa.com.br\/","title":{"rendered":"In\u00edcio"},"content":{"rendered":"\t\t<div data-elementor-type=\"wp-page\" data-elementor-id=\"8\" class=\"elementor elementor-8\">\n\t\t\t\t<div class=\"elementor-element elementor-element-b6e3782 e-flex e-con-boxed e-con e-parent\" data-id=\"b6e3782\" data-element_type=\"container\" data-e-type=\"container\">\n\t\t\t\t\t<div class=\"e-con-inner\">\n\t\t\t\t<div class=\"elementor-element elementor-element-6672b6a elementor-widget elementor-widget-heading\" data-id=\"6672b6a\" data-element_type=\"widget\" data-e-type=\"widget\" data-widget_type=\"heading.default\">\n\t\t\t\t\t<h2 class=\"elementor-heading-title elementor-size-default\">Programa Waimiri Atroari<\/h2>\t\t\t\t<\/div>\n\t\t\t\t\t\t\t\t<p class=\"e-paragraph-base\" data-interaction-id=\"d2819ab\"  >\n\t\t\t\t\t\t\t\tO Programa Waimiri Atroari desenvolve a\u00e7\u00f5es institucionais voltadas \u00e0 prote\u00e7\u00e3o territorial, valoriza\u00e7\u00e3o cultural, apoio social e divulga\u00e7\u00e3o de informa\u00e7\u00f5es sobre o povo Waimiri Atroari.\n\t\t\t\t\t<\/p>\n\t\t\t\t\t    \t            <button class=\"e-button-base\" data-interaction-id=\"a8dba7e\"  >\n            Saiba mais\n        <\/button>\n    \t\t\t\t<div class=\"elementor-element elementor-element-2e6882b elementor-widget elementor-widget-image\" data-id=\"2e6882b\" data-element_type=\"widget\" data-e-type=\"widget\" data-widget_type=\"image.default\">\n\t\t\t\t\t\t\t\t\t\t\t\t\t\t\t<img fetchpriority=\"high\" decoding=\"async\" width=\"800\" height=\"450\" src=\"https:\/\/wa.acwa.com.br\/wp-content\/uploads\/2026\/04\/DJI_0072-1024x576.jpg\" class=\"attachment-large size-large wp-image-17\" alt=\"\" srcset=\"https:\/\/wa.acwa.com.br\/wp-content\/uploads\/2026\/04\/DJI_0072-1024x576.jpg 1024w, https:\/\/wa.acwa.com.br\/wp-content\/uploads\/2026\/04\/DJI_0072-300x169.jpg 300w, https:\/\/wa.acwa.com.br\/wp-content\/uploads\/2026\/04\/DJI_0072-768x432.jpg 768w, https:\/\/wa.acwa.com.br\/wp-content\/uploads\/2026\/04\/DJI_0072-1536x864.jpg 1536w, https:\/\/wa.acwa.com.br\/wp-content\/uploads\/2026\/04\/DJI_0072-2048x1152.jpg 2048w\" sizes=\"(max-width: 800px) 100vw, 800px\" \/>\t\t\t\t\t\t\t\t\t\t\t\t\t\t\t<\/div>\n\t\t\t\t\t<\/div>\n\t\t\t\t<\/div>\n\t\t\t\t<\/div>\n\t\t","protected":false},"excerpt":{"rendered":"<p>Programa Waimiri Atroari O Programa Waimiri Atroari desenvolve a\u00e7\u00f5es institucionais voltadas \u00e0 prote\u00e7\u00e3o territorial, valoriza\u00e7\u00e3o cultural, apoio social e divulga\u00e7\u00e3o de informa\u00e7\u00f5es sobre o povo Waimiri Atroari. Saiba mais<\/p>\n","protected":false},"author":1,"featured_media":0,"parent":0,"menu_order":0,"comment_status":"closed","ping_status":"closed","template":"","meta":{"footnotes":""},"class_list":["post-8","page","type-page","status-publish","hentry"],"_links":{"self":[{"href":"https:\/\/wa.acwa.com.br\/index.php?rest_route=\/wp\/v2\/pages\/8","targetHints":{"allow":["GET"]}}],"collection":[{"href":"https:\/\/wa.acwa.com.br\/index.php?rest_route=\/wp\/v2\/pages"}],"about":[{"href":"https:\/\/wa.acwa.com.br\/index.php?rest_route=\/wp\/v2\/types\/page"}],"author":[{"embeddable":true,"href":"https:\/\/wa.acwa.com.br\/index.php?rest_route=\/wp\/v2\/users\/1"}],"replies":[{"embeddable":true,"href":"https:\/\/wa.acwa.com.br\/index.php?rest_route=%2Fwp%2Fv2%2Fcomments&post=8"}],"version-history":[{"count":19,"href":"https:\/\/wa.acwa.com.br\/index.php?rest_route=\/wp\/v2\/pages\/8\/revisions"}],"predecessor-version":[{"id":33,"href":"https:\/\/wa.acwa.com.br\/index.php?rest_route=\/wp\/v2\/pages\/8\/revisions\/33"}],"wp:attachment":[{"href":"https:\/\/wa.acwa.com.br\/index.php?rest_route=%2Fwp%2Fv2%2Fmedia&parent=8"}],"curies":[{"name":"wp","href":"https:\/\/api.w.org\/{rel}","templated":true}]}}